3603?
573
What is the greatest common divisor of 762 and 10286238?
762
What is the greatest common divisor of 12 and 4566?
6
What is the greatest common factor of 24577 and 112?
7
Calculate the greatest common divisor of 2615 and 19874.
523
What is the highest common divisor of 4 and 62138?
2
Calculate the greatest common factor of 3528 and 492891.
147
Calculate the highest common factor of 1947612 and 872.
436
Calculate the greatest common divisor of 7 and 2881970.
7
Calculate the highest common factor of 126 and 349506.
18
What is the greatest common factor of 72 and 450072?
72
Calculate the greatest common divisor of 353310 and 960.
30
What is the greatest common factor of 5872 and 24?
8
Calculate the highest common divisor of 277884 and 992.
124
What is the greatest common divisor of 3684 and 186?
6
What is the highest common factor of 42585 and 6885?
255
What is the greatest common divisor of 247940 and 1372?
196
What is the highest common factor of 689026 and 26?
26
What is the highest common factor of 425 and 8400?
25
What is the highest common divisor of 9225 and 225?
225
Calculate the highest common factor of 850960 and 400.
80
What is the greatest common factor of 851 and 151108?
37
What is the greatest common factor of 331 and 469027?
331
Calculate the highest common factor of 245 and 542885.
35
Calculate the highest common divisor of 3130419 and 417.
417
Calculate the highest common divisor of 3526 and 86.
86
Calculate the greatest common factor of 64 and 186464.
32
What is the highest common factor of 9415 and 105?
35
What is the highest common divisor of 361988 and 924?
44
What is the greatest common divisor of 60 and 97935?
15
What is the highest common divisor of 1038116 and 436?
436
Calculate the highest common divisor of 95 and 55841.
19
What is the greatest common divisor of 176 and 554444?
44
Calculate the greatest common factor of 56885 and 2015.
155
What is the greatest common divisor of 867 and 1087507?
289
Calculate the greatest common divisor of 135 and 2430.
135
Calculate the highest common factor of 134388 and 3204.
36
What is the greatest common divisor of 100 and 10495?
5
Calculate the highest common factor of 74948 and 94142.
914
Calculate the highest common divisor of 436 and 2522260.
436
What is the greatest common factor of 1089 and 94347?
99
Calculate the greatest common divisor of 285165 and 15.
15
Calculate the highest common divisor of 21260 and 80.
20
Calculate the greatest common factor of 55 and 40887.
11
What is the highest common divisor of 2751 and 273?
21
Calculate the highest common factor of 4684 and 12.
4
What is the highest common factor of 108 and 3396?
12
What is the greatest common factor of 735 and 301380?
15
Calculate the greatest common divisor of 17157 and 1075.
43
What is the highest common factor of 240760 and 2080?
520
Calculate the highest common factor of 576 and 43128.
72
Calculate the highest common factor of 54846 and 1098.
18
Calculate the highest common factor of 146048 and 35.
7
What is the greatest common factor of 35120 and 32?
16
Calculate the highest common divisor of 111321 and 38.
19
Calculate the greatest common factor of 78640 and 1672.
8
What is the highest common divisor of 195 and 6336980?
65
What is the greatest common divisor of 28017 and 462?
33
What is the highest common divisor of 1372094 and 262?
262
What is the greatest common factor of 5824 and 9568?
416
Calculate the greatest common divisor of 42238 and 490.
98
What is the greatest common factor of 2311754 and 742?
106
What is the greatest common divisor of 741 and 73203?
39
Calculate the greatest common factor of 1152 and 81.
9
Calculate the greatest common factor of 9 and 67221.
9
What is the highest common factor of 12 and 533793?
3
What is the highest common factor of 1464 and 63318?
366
Calculate the greatest common divisor of 61308 and 624.
156
Calculate the highest common divisor of 62496 and 448.
224
Calculate the greatest common factor of 43492 and 8908.
524
Calculate the highest common factor of 7 and 68516.
7
Calculate the highest common factor of 917 and 189.
7
What is the greatest common divisor of 15 and 40085?
5
What is the highest common factor of 9072 and 2997?
81
What is the greatest common divisor of 4694 and 62?
2
What is the highest common factor of 29804 and 4?
4
What is the highest common factor of 4764 and 5688?
12
Calculate the highest common factor of 105 and 85029.
21
What is the greatest common divisor of 103187 and 70?
7
Calculate the highest common divisor of 26026 and 68354.
286
What is the greatest common divisor of 23244 and 156?
156
What is the greatest common factor of 2831 and 24244?
19
Calculate the greatest common factor of 177 and 222.
3
What is the greatest common divisor of 91 and 12642?
7
What is the greatest common factor of 416832 and 3841?
167
What is the greatest common factor of 609392 and 406?
14
What is the greatest common divisor of 100436 and 272?
68
Calculate the highest common divisor of 102 and 3515838.
102
What is the greatest common divisor of 546377 and 212?
53
Calculate the greatest common divisor of 18 and 3235482.
18
Calculate the highest common factor of 2009 and 13735.
41
What is the greatest common divisor of 1905 and 1788033?
381
Calculate the highest common factor of 811890 and 18.
18
Calculate the greatest common factor of 215 and 14018.
43
What is the greatest common factor of 10 and 668930?
10
Calculate the highest common divisor of 10694 and 10.
2
What is the highest common factor of 2401 and 28616?
49
What is the greatest common divisor of 102591 and 45?
9
What is the greatest common divisor of 979 and 759?
11
Calculate the greatest common factor of 20 and 1950200.
20
Calculate the greatest common divisor of 2064 and 19392.
48
What is the greatest common factor of 664 and 1304?
8
What is the highest common divisor of 225 and 7596?
9
Calculate the greatest common divisor of 37204 and 3668.
524
What is the greatest common factor of 143280 and 3180?
60
Calculate the greatest common factor of 69 and 744.
3
What is the highest common divisor of 112822 and 114?
38
What is the highest common divisor of 429 and 45936?
33
Calculate the highest common divisor of 8832 and 1024.
128
Calculate the highest common divisor of 870 and 1914.
174
Calculate the greatest common factor of 30702 and 207417.
357
What is the greatest common factor of 4199488 and 64?
64
What is the greatest common divisor of 98287 and 133?
133
What is the greatest common divisor of 56 and 23608?
8
Calculate the greatest common factor of 2945988 and 876.
876
What is the highest common divisor of 33 and 95898?
33
Calculate the highest common divisor of 25531 and 693.
11
What is the greatest common factor of 3155710 and 190?
190
What is the greatest common divisor of 302 and 52418?
2
What is the highest common factor of 1934452 and 104?
52
What is the highest common factor of 197088 and 96?
96
Calculate the greatest common factor of 268830 and 4350.
870
What is the highest common factor of 822222 and 204?
102
What is the greatest common factor of 606 and 154227?
303
Calculate the highest common factor of 293 and 822744.
293
What is the greatest common divisor of 62412 and 84?
84
Calculate the greatest common factor of 609 and 7483392.
609
What is the highest common factor of 18096 and 135024?
1392
Calculate the greatest common factor of 11401 and 182.
13
What is the greatest common divisor of 50 and 1806625?
25
Calculate the greatest common divisor of 1176 and 50176.
392
What is the highest common divisor of 3136 and 37184?
448
What is the greatest common divisor of 299505 and 246?
123
Calculate the highest common divisor of 1131955 and 20.
5
What is the highest common divisor of 988 and 9347?
13
What is the greatest common divisor of 118963 and 247?
13
Calculate the highest common factor of 270 and 26880.
30
What is the highest common factor of 135590 and 91?
91
Calculate the highest common divisor of 744 and 2280.
24
Calculate the greatest common factor of 25191 and 1296.
81
Calculate the highest common divisor of 4599 and 3528.
63
Calculate the highest common factor of 5673 and 43679.
31
Calculate the highest common factor of 44370 and 198.
18
What is the highest common factor 